common divisor of 63 and 133.
7
Calculate the greatest common factor of 1914 and 11.
11
Calculate the highest common divisor of 590 and 30.
10
Calculate the highest common divisor of 13 and 18694.
13
What is the greatest common divisor of 32 and 2?
2
What is the greatest common factor of 1818 and 3838?
202
Calculate the highest common factor of 90 and 315.
45
What is the greatest common divisor of 600 and 250?
50
What is the greatest common divisor of 85 and 15130?
85
What is the greatest common factor of 5436 and 24?
12
Calculate the greatest common divisor of 128 and 4.
4
Calculate the greatest common divisor of 1819 and 34.
17
Calculate the greatest common divisor of 146 and 73.
73
Calculate the highest common divisor of 40 and 620.
20
What is the greatest common factor of 2384 and 16?
16
Calculate the highest common factor of 4991 and 161.
161
What is the greatest common factor of 60 and 66?
6
What is the greatest common factor of 432 and 54?
54
What is the greatest common factor of 959 and 14?
7
What is the highest common factor of 32 and 488?
8
Calculate the highest common divisor of 264 and 120.
24
Calculate the highest common divisor of 12 and 6.
6
What is the highest common factor of 113 and 5?
1
Calculate the highest common divisor of 140 and 180.
20
What is the greatest common divisor of 2 and 324?
2
Calculate the highest common factor of 63 and 161.
7
Calculate the greatest common factor of 7 and 184.
1
Calculate the greatest common factor of 57 and 209.
19
What is the highest common divisor of 378 and 9261?
189
What is the greatest common divisor of 2 and 6?
2
What is the highest common factor of 15 and 155?
5
Calculate the highest common factor of 79 and 2054.
79
What is the greatest common factor of 126 and 54?
18
Calculate the greatest common divisor of 11610 and 43.
43
Calculate the greatest common factor of 12367 and 83.
83
What is the highest common divisor of 741 and 57?
57
What is the highest common divisor of 10330 and 10?
10
Calculate the highest common factor of 243 and 2295.
27
Calculate the greatest common factor of 25 and 7390.
5
What is the greatest common factor of 7000 and 728?
56
What is the greatest common factor of 136 and 40?
8
Calculate the highest common factor of 24 and 10056.
24
What is the highest common factor of 2796 and 228?
12
Calculate the highest common factor of 100 and 110.
10
Calculate the greatest common divisor of 80 and 10.
10
Calculate the greatest common divisor of 79 and 2133.
79
Calculate the highest common divisor of 29 and 1537.
29
Calculate the greatest common divisor of 36 and 28.
4
Calculate the highest common divisor of 1221 and 555.
111
Calculate the highest common divisor of 164 and 8.
4
Calculate the highest common factor of 867 and 68.
17
Calculate the highest common factor of 380 and 100.
20
What is the greatest common factor of 11817 and 117?
117
Calculate the greatest common divisor of 1135 and 15.
5
Calculate the greatest common factor of 63 and 12747.
21
What is the greatest common divisor of 148 and 3404?
148
What is the highest common factor of 1258 and 170?
34
Calculate the highest common factor of 6 and 9.
3
Calculate the greatest common factor of 1770 and 240.
30
What is the highest common divisor of 7 and 448?
7
Calculate the greatest common factor of 2976 and 672.
96
Calculate the greatest common factor of 108 and 8442.
18
What is the highest common factor of 40 and 170?
10
Calculate the highest common divisor of 385 and 77.
77
Calculate the highest common factor of 140 and 1204.
28
Calculate the greatest common divisor of 87 and 4843.
29
Calculate the greatest common divisor of 149 and 447.
149
What is the highest common factor of 2201 and 62?
31
What is the greatest common divisor of 24 and 18?
6
Calculate the greatest common divisor of 12 and 2022.
6
Calculate the highest common divisor of 5 and 35.
5
What is the highest common divisor of 156 and 8?
4
What is the highest common factor of 132 and 228?
12
What is the highest common factor of 2 and 39?
1
What is the greatest common factor of 473 and 22?
11
Calculate the greatest common divisor of 190 and 34010.
190
What is the greatest common factor of 682 and 286?
22
What is the greatest common factor of 145 and 87?
29
Calculate the highest common factor of 14 and 266.
14
Calculate the highest common divisor of 12 and 156.
12
Calculate the highest common divisor of 14 and 98.
14
Calculate the greatest common divisor of 4109 and 7.
7
Calculate the highest common divisor of 7259 and 122.
61
What is the greatest common factor of 594 and 462?
66
What is the highest common factor of 32 and 4?
4
Calculate the greatest common divisor of 22 and 847.
11
What is the greatest common divisor of 7 and 7763?
7
Calculate the highest common divisor of 637 and 26.
13
What is the highest common factor of 8026 and 2?
2
What is the greatest common factor of 11 and 352?
11
Calculate the greatest common divisor of 1270 and 2032.
254
What is the highest common divisor of 38 and 6650?
38
Calculate the highest common factor of 112 and 119.
7
What is the highest common factor of 116 and 632?
4
Calculate the greatest common divisor of 52532 and 276.
92
Calculate the highest common divisor of 13 and 208.
13
What is the highest common divisor of 775 and 1240?
155
Calculate the highest common divisor of 317 and 13.
1
What is the highest common factor of 143 and 33?
11
What is the highest common factor of 1806 and 189?
21
What is the highest common factor of 7 and 350?
7
Calculate the greatest common divisor of 341 and 132.
11
Calculate the highest common divisor of 13131 and 9.
9
Calculate the highest common divisor of 1119 and 9.
3
What is the highest common factor of 3139 and 215?
43
What is the highest common factor of 60 and 1092?
12
What is the highest common divisor of 1031 and 1?
1
Calculate the greatest common divisor of 108 and 360.
36
What is the highest common divisor of 12 and 4?
4
What is the highest common divisor of 700 and 3220?
140
What is the greatest common divisor of 41 and 656?
41
Calculate the highest common divisor of 26 and 1157.
13
What is the highest common divisor of 54 and 342?
18
Calculate the greatest common factor of 10 and 170.
10
Calculate the highest common divisor of 82 and 2378.
82
What is the highest common factor of 708 and 12?
12
Calculate the highest common divisor of 44 and 77.
11
Calculate the greatest common factor of 58641 and 22.
11
Calculate the highest common divisor of 86 and 6966.
86
Calculate the greatest common divisor of 22819 and 19.
19
Calculate the highest common divisor of 2494 and 344.
86
What is the highest common divisor of 182 and 896?
14
Calculate the highest common divisor of 276 and 24.
12
Calculate the highest common factor of 12 and 372.
12
Calculate the highest common factor of 1440 and 105.
15
What is the highest common factor of 69 and 23?
23
Calculate the greatest common factor of 1070 and 10.
10
What is the greatest common divisor of 135 and 1161?
27
What is the greatest common divisor of 26 and 2678?
26
What is the greatest common factor of 8802 and 54?
54
What is the greatest common divisor of 369 and 27?
9
What is the highest common factor of 230 and 1081?
23
What is the greatest common factor of 10 and 365?
5
What is the greatest common divisor of 6 and 22398?
6
What is the greatest common factor of 14 and 7?
7
What is the greatest common factor of 148 and 10508?
148
What is the highest common divisor of 30 and 2130?
30
What is the greatest common divisor of 5 and 1205?
5
Calculate the greatest common divisor of 10 and 2565.
5
What is the highest common factor of 87 and 1?
1
What is the highest common factor of 504 and 568?
8
Calculate the highest common divisor of 1 and 1.
1
What is the highest common divisor of 610 and 1342?
122
Calculate the highest common factor of 84 and 189.
21
What is the highest common divisor of 80 and 27200?
80
What is the greatest common divisor of 588 and 12?
12
What is the greatest common factor of 20 and 57220?
20
What is the greatest common factor of 5339 and 19?
19
Calculate the greatest common divisor of 25 and 245.
5
What is the greatest common divisor of 608 and 5792?
32
What is the greatest common divisor of 154 and 110?
22
What is 